 s and k.
24
Let i(q) = 1258*q + 7985. Let a be i(14). What is the greatest common divisor of a and 537?
179
Let w(c) = -5*c**2 - 123*c + 2. Suppose 58 - 98 = 2*k. Let l be w(k). Calculate the greatest common factor of l and 84.
42
Let z be (6/(-36))/((-2)/24). Suppose 4*g - g - 5*r - 353 = 0, 103 = g + z*r. Calculate the greatest common divisor of 37 and g.
37
Let x be ((-341)/5 - -1)/(254/(-4445)). What is the greatest common divisor of 120 and x?
24
Let n = 3774 - 3399. Calculate the highest common divisor of n and 3.
3
Let y = 5 - 0. Suppose -m + 3*z + 19 = 0, -y*m = -3*z + z - 30. Suppose 4*p = 3*f + 70, m*p = 4*f + 38 + 30. Calculate the highest common factor of p and 19.
19
Let l be (-9)/(-3) + 1915 + 9*8/12. What is the highest common factor of 364 and l?
52
Let h(r) = -2*r**2 + 32*r - 29. Let d be h(15). Let y be (d + 27)/(16*(-4)/(-96)). What is the highest common divisor of y and 714?
42
Let g = 4757 + -4224. What is the highest common divisor of 169 and g?
13
Let l(h) = 100*h + 1. Let f be l(-1). Let t be 1/(-20)*-4 - f/5. Let g = t - 11. Calculate the greatest common divisor of g and 99.
9
Let b be (-789)/9 + 2/(-6). Suppose 220 - 259 = 3*k. Let l = k - b. Calculate the greatest common factor of 30 and l.
15
Suppose 2*w = -2*i + 8, -i + 2*i = -5. Suppose 0 = -13*c + w*c - 440. Let f be (2/(-10) + (-407)/c)*6. Calculate the greatest common factor of 3 and f.
3
Let f(i) = 17*i**2 + 102*i + 7. Let y be f(-6). Calculate the highest common divisor of y and 29610.
7
Let v be (20 - 32)/(2/(-4) + 4/12). What is the greatest common factor of v and 288?
72
Suppose 0*o - 9*o - 38*o + 4794 = 0. What is the greatest common factor of 168 and o?
6
Suppose 3052 = 34*x - 3748. Calculate the highest common divisor of 950 and x.
50
Let k be (7 + 5)/(6/3). Let o(y) = -y**3 + 6*y**2 + 4*y - 3. Let f be o(k). Let v(m) = m + 15. Let u be v(-8). What is the highest common divisor of u and f?
7
Let s(h) = -66*h + 132. Let i be s(-14). Suppose -i = -31*o + 23*o. Calculate the highest common divisor of 60 and o.
12
Let j be (((-18912)/36)/(14/9))/(12/(-966)). What is the highest common factor of j and 69?
69
Suppose -39 = -0*m - 3*m. Suppose -2*k = 5 + 5, 25 = n - k. Suppose 4*p = 2*q - 189 - 247, -4*p = n. Calculate the greatest common divisor of m and q.
13
Suppose 120*a - 780 = 21*a + 1596. What is the highest common divisor of 60 and a?
12
Suppose 3*n + 3*m = 0, -2*n + 3*m = -m - 18. Suppose 2*j - 5*r + 29 - 110 = 0, -r + n = 0. Let y = j + -45. Calculate the greatest common factor of y and 24.
3
Suppose -x = -1124 + 845. Let q = 359 - x. What is the greatest common divisor of 20 and q?
20
Let f be 12*8/120*505. Suppose 23*z - f = 1091. Calculate the highest common divisor of 5 and z.
5
Suppose -2*g = 4*g - 120. Let r be g/(-16)*-2*2. Let y be -4 + 1 + r + 146. Calculate the greatest common divisor of 37 and y.
37
Let s(j) = 5*j**2 - 31*j + 30. Let i be s(10). Suppose -7*m + 17*m - i = 0. What is the greatest common divisor of 165 and m?
11
Let r be (-42 - -37)/(20/8) - (-3278 - 2). What is the greatest common divisor of 2682 and r?
298
Let n be -28*(-45)/(-12)*-1. Suppose n + 255 = 3*b. Suppose 0 = 2*q - 5*v - 55, 0 = -2*q - 22*v + 20*v + 20. What is the highest common factor of q and b?
15
Suppose -d - 2*r + 17 = 2*r, -2*d - 4*r = -26. Let o(y) = -y + 144. Let n be o(0). Calculate the highest common factor of n and d.
9
Let m(d) = 22*d**2 + 4*d - 1. Let y be m(1). Suppose 3*q = 87 + 1788. What is the greatest common divisor of y and q?
25
Let m be (-424)/(-8) + (1 - -1). Let j = -53 + m. Let i be 12 + 2/(j/1). What is the greatest common divisor of i and 91?
13
Let u(b) = -b**3 + 22*b**2 - b - 376. Let k be u(20). What is the greatest common factor of 14342 and k?
202
Let c(f) = f**3 + 30*f**2 + 35*f + 178. Let r be c(-29). Suppose t + r*t = 75. Calculate the greatest common factor of 15 and t.
15
Let g be (2/4)/((-3)/(-12)). Let p(a) = 0*a**2 - 626 - 631 + 1207 + 29*a - a**2. Let s be p(27). Calculate the highest common factor of s and g.
2
Let p = -3429 - -4968. What is the highest common factor of p and 486?
81
Let y(a) = -2*a**2 - 67*a - 548. Let k be y(-16). What is the highest common factor of k and 417?
3
Let f be 8993504/1456 + (-1)/(-7). What is the greatest common divisor of f and 261?
87
Suppose -17*c = -44*c + 3618. What is the highest common divisor of 938 and c?
134
Let b be 1*(-2)/(-3)*-6 + (-2295)/(-45). Calculate the highest common factor of 4 and b.
1
Suppose 26 = 4*w - 2*a - 206, -4*w = 3*a - 262. What is the highest common factor of w and 43?
1
Let n(s) = 7*s**2 + 399*s - 2456. Let t be n(6). Calculate the greatest common divisor of 5890 and t.
190
Suppose -2004 + 408 = 136*h - 364*h. Let q = -59 + 122. Calculate the highest common divisor of h and q.
7
Let l be 29/3 + ((-42)/(-90) - (-20)/(-150)). Calculate the greatest common divisor of l and 236.
2
Suppose -7*h = -231 + 7. Let r = 25 + -43. Let x = r + 26. Calculate the highest common divisor of h and x.
8
Suppose 0*q = q, 2*x = -5*q + 60. Let n be (2/4)/((-2)/(-24)). Let v(j) = 16*j - 51. Let f be v(n). What is the highest common divisor of f and x?
15
Let p(i) = 4*i - 65. Let y be p(20). Calculate the highest common factor of 6135 and y.
15
Let k(o) = 20*o - 404. Let w(x) = 11*x - 202. Let i(u) = -3*k(u) + 5*w(u). Let g be i(38). Let a = 16 + -8. Calculate the highest common factor of a and g.
4
Let t = -1541 + 1981. Calculate the highest common factor of 385 and t.
55
Let p(j) = -j**3 + 15*j**2 - 27*j + 314. Let r be p(14). Let m(x) = -164*x + 2. Let t be m(-2). What is the greatest common factor of r and t?
66
Let x(z) = -z**3 + 25*z**2 + 27*z - 23. Let l be x(26). Suppose -491 - 685 = -l*m. Calculate the greatest common divisor of m and 49.
49
Let g be (-77*(-14)/147)/(2/75). Calculate the highest common divisor of g and 40.
5
Suppose 404 + 135 = 32*x + 123. Calculate the greatest common divisor of 2327 and x.
13
Let g = -2670 - -2702. Calculate the greatest common divisor of 424 and g.
8
Let n = -265 + 385. Suppose -u + 0*u - 10 = -2*x, x - 5*u = -13. Let o be ((-15)/9)/(x/(-63)). Calculate the highest common factor of n and o.
15
Suppose 2*o - 1125 = t, -18*o - 4*t = -20*o + 1116. What is the highest common divisor of o and 60?
12
Let r(b) = -6*b**2 + 91*b - 28. Let g be r(12). What is the highest common divisor of g and 40?
40
Suppose -131 = -3*k + 41 + 140. Let c(y) = 3*y**2 - 4*y - 3. Let s be c(5). Suppose -2*g - 2*g = -s. Calculate the greatest common factor of g and k.
13
Let s(k) = -k**2 - 15*k + 11. Let l be s(-13). Suppose -j = 4 - l. What is the greatest common factor of 9 and j?
3
Suppose -18*i - 5597 = -21*i - 2*d, 9335 = 5*i + 5*d. Calculate the highest common divisor of i and 46.
23
Let w be -54*((-5)/10)/(-1). Let t = w + 27. Let p(s) = -2*s**3 - 2*s + 120. Let y be p(t). Calculate the highest common divisor of 15 and y.
15
Let i(d) = 4*d**3 - 11*d**2 + 24*d - 78. Let n be i(3). Calculate the greatest common factor of n and 1851.
3
Suppose -34*c - 29*c = -4536. What is the highest common divisor of 7656 and c?
24
Let z = -22 - -25. Suppose -2*d - 32 = -4*m, 0 = m - z*d - 0 - 18. Let g be (-6)/(-2*3/m). What is the highest common factor of 24 and g?
6
Let n = 118 + -78. Let c(s) = -s**3 + 7*s**2 + 3*s - 18. Let d be c(7). Suppose 3*l = 15, -d*m + 0*l + 30 = 3*l. What is the greatest common factor of m and n?
5
Let i be (-2661)/(-6) + (-27)/(-72)*-4. What is the highest common factor of i and 572?
26
Suppose -3*i = 2*q - 159, 3*i + 40 - 25 = 0. Suppose 0 = 3*d + 52 + 179. Let n = q + d. What is the greatest common divisor of 70 and n?
10
Let a be -10*(0 + 13/(13/(-6))). Calculate the highest common divisor of a and 940.
20
Let z = -25 - -32. Let a(y) = -9 - 2 + y**3 - 8 + z*y**2 - y**2. Let p be a(-5). Calculate the highest common factor of p and 10.
2
Let p be (1 - -2)*1214*220/66. What is the highest common divisor of 60 and p?
20
Suppose 1492 = -13*s + 1356 + 7416. What is the highest common divisor of 1168 and s?
16
Suppose 0*b = 3*b - 252. Let q = 7018 + -6962. What is the greatest common factor of b and q?
28
Suppose -3*i = -l - 68, i - 6 - 8 = -4*l. Suppose -527 = -9*q - 32. Calculate the greatest common divisor of q and i.
11
Let m(w) = 2*w**2 - 